{"id":493,"date":"2019-11-15T17:21:20","date_gmt":"2019-11-15T10:21:20","guid":{"rendered":"http:\/\/localhost\/w1\/?post_type=product&#038;p=493"},"modified":"2019-12-06T14:14:33","modified_gmt":"2019-12-06T07:14:33","slug":"learndash-all-in-one-bundle","status":"publish","type":"product","link":"https:\/\/sieuthi.mauwebwp.com\/sieuthi010\/san-pham\/learndash-all-in-one-bundle\/","title":{"rendered":"Plugin m\u1edbi: LearnDash All-in-One Bundle"},"content":{"rendered":"<p>Zapier &#8211; L\u00e0 m\u1ed9t Add-on cho ph\u00e9p b\u1ea1n k\u1ebft n\u1ed1i Learn Dash v\u1edbi m\u1ed9t \u1ee9ng \u1ee5ng b\u00ean th\u1ee9 3, b\u1ea1n c\u00f3 th\u1ec3 k\u1ebft n\u1ed1i Learn Dash v\u1edbi 300+ \u1ee9ng d\u1ee5ng kh\u00e1c nhau. B\u1ea1n c\u00f3 th\u1ec3 k\u1ebft n\u1ed1i m\u1ed9t c\u00e1ch d\u1ec5 d\u00e0ng m\u00e0 kh\u00f4ng c\u1ea7n ph\u1ea3i l\u00e0 1 developer<\/p>\n<p>LearnDash &#8211;\u00a0L\u00e0 m\u1ed9t plugin cho ph\u00e9p b\u1ea1n t\u1ea1o c\u00e1c kh\u00f3a h\u1ecdc \u0111\u00e0o t\u1ea1o t\u1eeb xa tr\u1ef1c tuy\u1ebfn th\u00f4ng qua WordPress. Plugin n\u00e0y c\u0169ng \u0111\u00e3 tr\u1edf th\u00e0nh ph\u1ed5 bi\u1ebfn trong vi\u1ec7c t\u1ea1o ra c\u00e1c lo\u1ea1i kh\u00f3a h\u1ecdc, \u0111ang \u0111\u01b0\u1ee3c s\u1eed d\u1ee5ng b\u1edfi c\u00e1c t\u1ed5 ch\u1ee9c h\u1ecdc thu\u1eadt kh\u00e1c nhau n\u1ed5i ti\u1ebfng.<\/p>\n<p>WooCommerce Integration &#8211; Add-on n\u00e0y cho ph\u00e9p b\u1ea1n T\u00edch h\u1ee3p WooCommerce v\u00e0o Learn Dash \u0111\u1ec3 b\u1ea1n c\u00f3 th\u1ec3 d\u1ec5 d\u00e0ng b\u1ea1n c\u00e1c kh\u00f3a h\u1ecdc c\u1ee7a m\u00ecnh cho h\u1ecdc vi\u00ean.<\/p>\n<p>Paid Memberships Pro &#8211; L\u00e0 m\u1ed9t Membership plugin, khi t\u00edch h\u1ee3p v\u1edbi add-on n\u00e0y b\u1ea1n c\u00f3 th\u1ec3 t\u1ea1o quy\u1ec1n truy c\u1eadp c\u1ea5p th\u00e0nh vi\u00ean v\u00e0 k\u1ebft h\u1ee3p c\u00e1c m\u1ee9c truy c\u1eadp v\u00e0o c\u00e1c kh\u00f3a h\u1ecdc LearnDash. Kh\u00e1ch h\u00e0ng t\u1ef1 \u0111\u1ed9ng ghi danh v\u00e0o c\u00e1c kh\u00f3a h\u1ecdc sau khi \u0111\u0103ng k\u00fd l\u00e0m th\u00e0nh vi\u00ean.GravityForms Addon &#8211;\u00a0V\u1edbi add-on n\u00e0y, b\u1ea1n c\u00f3 th\u1ec3 t\u1ea1o m\u1ed9t m\u1eabu \u0111\u0103ng k\u00fd kh\u00f3a h\u1ecdc ho\u00e0n ch\u1ec9nh v\u00e0 k\u1ebft h\u1ee3p c\u00e1c kh\u00f3a h\u1ecdc tr\u1ef1c tuy\u1ebfn c\u1ee7a b\u1ea1n v\u1edbi n\u00f3 \u0111\u1ec3 khi ng\u01b0\u1eddi d\u00f9ng \u0111\u0103ng k\u00fd, h\u1ecd s\u1ebd t\u1ef1 \u0111\u1ed9ng ghi danh.<\/p>\n<p>2Checkout &#8211; L\u00e0 m\u1ed9t Add-on cho ph\u00e9p b\u1ea1n t\u00edch h\u1ee3p 2Checkout v\u1edbi LearnDash,\u00a0b\u1ea1n c\u00f3 th\u1ec3 nhanh ch\u00f3ng v\u00e0 d\u1ec5 d\u00e0ng ch\u1ea5p nh\u1eadn thanh to\u00e1n b\u1eb1ng c\u00e1ch s\u1eed d\u1ee5ng c\u1ed5ng thanh to\u00e1n 2CheckOut. S\u1eed d\u1ee5ng n\u00f3 v\u1edbi PayPal, ho\u1eb7c ch\u1ec9 c\u1ea7n s\u1eed d\u1ee5ng 2CheckOut.<\/p>\n","protected":false},"excerpt":{"rendered":"<p>Zapier &#8211; L\u00e0 m\u1ed9t Add-on cho ph\u00e9p b\u1ea1n k\u1ebft n\u1ed1i Learn Dash v\u1edbi m\u1ed9t \u1ee9ng \u1ee5ng b\u00ean th\u1ee9 3, b\u1ea1n c\u00f3 th\u1ec3 k\u1ebft n\u1ed1i Learn Dash v\u1edbi 300+ \u1ee9ng d\u1ee5ng kh\u00e1c nhau. B\u1ea1n c\u00f3 th\u1ec3 k\u1ebft n\u1ed1i m\u1ed9t c\u00e1ch d\u1ec5 d\u00e0ng m\u00e0 kh\u00f4ng c\u1ea7n ph\u1ea3i l\u00e0 1 developer LearnDash &#8211;\u00a0L\u00e0 m\u1ed9t plugin cho ph\u00e9p b\u1ea1n &#8230;<\/p>\n","protected":false},"featured_media":909,"comment_status":"open","ping_status":"closed","template":"","meta":[],"product_cat":[19,16],"product_tag":[],"_links":{"self":[{"href":"https:\/\/sieuthi.mauwebwp.com\/sieuthi010\/wp-json\/wp\/v2\/product\/493"}],"collection":[{"href":"https:\/\/sieuthi.mauwebwp.com\/sieuthi010\/wp-json\/wp\/v2\/product"}],"about":[{"href":"https:\/\/sieuthi.mauwebwp.com\/sieuthi010\/wp-json\/wp\/v2\/types\/product"}],"replies":[{"embeddable":true,"href":"https:\/\/sieuthi.mauwebwp.com\/sieuthi010\/wp-json\/wp\/v2\/comments?post=493"}],"wp:featuredmedia":[{"embeddable":true,"href":"https:\/\/sieuthi.mauwebwp.com\/sieuthi010\/wp-json\/wp\/v2\/media\/909"}],"wp:attachment":[{"href":"https:\/\/sieuthi.mauwebwp.com\/sieuthi010\/wp-json\/wp\/v2\/media?parent=493"}],"wp:term":[{"taxonomy":"product_cat","embeddable":true,"href":"https:\/\/sieuthi.mauwebwp.com\/sieuthi010\/wp-json\/wp\/v2\/product_cat?post=493"},{"taxonomy":"product_tag","embeddable":true,"href":"https:\/\/sieuthi.mauwebwp.com\/sieuthi010\/wp-json\/wp\/v2\/product_tag?post=493"}],"curies":[{"name":"wp","href":"https:\/\/api.w.org\/{rel}","templated":true}]}}