{"id":490,"date":"2019-11-15T17:19:46","date_gmt":"2019-11-15T10:19:46","guid":{"rendered":"http:\/\/localhost\/w1\/?post_type=product&#038;p=490"},"modified":"2019-12-06T11:41:35","modified_gmt":"2019-12-06T04:41:35","slug":"jet-all-in-one-bundle-addon-for-elementor","status":"publish","type":"product","link":"https:\/\/sieuthi.mauwebwp.com\/sieuthi010\/san-pham\/jet-all-in-one-bundle-addon-for-elementor\/","title":{"rendered":"Jet All-in-One Bundle ( Addon for Elementor)"},"content":{"rendered":"<p><strong>JetMenu<\/strong>\u00a0l\u00e0 m\u1ed9t trong nh\u1eefng Menu plugin t\u1ed1t nh\u1ea5t hi\u1ec7n nay. N\u00f3 cho ph\u00e9p b\u1ea1n t\u1ea1o ra m\u1ed9t Mega Menu \u0111\u1ea7y \u0111\u1ee7 \u0111\u00e1p \u1ee9ng v\u1edbi c\u00e1c m\u1ee5c th\u1ea3 xu\u1ed1ng, \u0111\u1ea7y \u0111\u1ee7 c\u00e1c module n\u1ed9i dung, t\u1ea5t c\u1ea3 c\u00e1c qu\u00e1 tr\u00ecnh r\u00f5 r\u00e0ng v\u00e0 d\u1ec5 d\u00e0ng.<\/p>\n<p><strong>JetParallax<\/strong>\u00a0l\u00e0 m\u1ed9t addon cho\u00a0<strong>Elementor<\/strong>\u00a0page builder cho ph\u00e9p \u00e1p d\u1ee5ng hi\u1ec7u \u1ee9ng parallax cho ph\u1ea7n background, \u00e1p d\u1ee5ng l\u1edbp parallax kh\u00e1c nhau v\u1edbi c\u00e1c h\u00e0nh vi kh\u00e1c nhau, ki\u1ec3u ho\u1ea1t \u1ea3nh v\u00e0 \u0111\u1ecbnh v\u1ecb.JetReviews l\u00e0 m\u1ed9t addon Elementor page builder, h\u1ed7 tr\u1ee3 t\u1ea1o c\u00e1c\u00a0<strong>box \u0111\u00e1nh gi\u00e1<\/strong>\u00a0v\u00e0 c\u00e1c\u00a0<strong>thanh x\u1ebfp h\u1ea1ng<\/strong>\u00a0m\u1ed9t c\u00e1ch tr\u1ef1c quan v\u00e0 \u0111\u01a1n gi\u1ea3n. N\u00f3 cho ph\u00e9p x\u00e2y d\u1ef1ng n\u1ed9i dung v\u1edbi c\u00e1c phong c\u00e1ch \u0111a n\u0103ng v\u00e0 s\u1eed d\u1ee5ng c\u00e1c b\u1ed1 c\u1ee5c kh\u00e1c nhau cho c\u00e1c box x\u1ebfp h\u1ea1ng v\u00e0 \u0111\u00e1nh gi\u00e1.<\/p>\n<p><strong>JetTabs l\u00e0 m\u1ed9t addon cho Elementor page builder v\u1edbi phong c\u00e1ch hi\u1ec7n \u0111\u1ea1i, gi\u00fap th\u00eam c\u00e1c \u0111o\u1ea1n accordion, tab,&#8230; r\u1ea5t nhi\u1ec1u t\u00f9y ch\u1ecdn gi\u00fap b\u1ea1n t\u1ea1o wesite \u0111a phong c\u00e1ch.JetBlog<\/strong>\u00a0l\u00e0 m\u1ed9t plugin m\u1ea1nh m\u1ebd cho ph\u00e9p l\u00e0m phong ph\u00fa th\u00eam c\u00e1c trang web v\u1edbi c\u00e1c n\u1ed9i dung blog. N\u00f3 hi\u1ec3n th\u1ecb B\u00e0i \u0111\u0103ng c\u1ee7a b\u1ea1n d\u01b0\u1edbi d\u1ea1ng l\u01b0\u1edbi, list..Plugin n\u00e0y \u0111\u01b0\u1ee3c s\u1eed d\u1ee5ng c\u00f9ng v\u1edbi Elementor<\/p>\n<p>Elementor Pro l\u00e0 m\u1ed9t trong nh\u1eefng page builder th\u1ebf h\u1ec7 m\u1edbi \u0111\u01b0\u1ee3c s\u1eed d\u1ee5ng nhi\u1ec1u nh\u1ea5t hi\u1ec7n nay v\u1edbi\u00a0<strong>1.000.000<\/strong>\u00a0l\u01b0\u1ee3t t\u1ea3i.<\/p>\n<p>\u0110\u00e2y l\u00e0 nh\u1eefng plugin \u0111\u1ebfn t\u1eeb\u00a0<strong>Crocoblock<\/strong>\u00a0( hay c\u00f2n \u0111\u01b0\u1ee3c bi\u1ebft \u0111\u1ebfn b\u1ed9\u00a0<strong>JetPlugin<\/strong>)<\/p>\n<p>Gi\u00fap n\u00e2ng c\u1ea5p s\u1ee9c m\u1ea1nh cho Elementor Pro nh\u01b0: Megamenu, th\u00eam hi\u1ec7u \u1ee9ng Parallax, Popup, S\u1eeda trang S\u1ea3n ph\u1ea9m v\u1edbi WooBuilder\u2026 b\u1ea1n c\u00f3 th\u1ec3 x\u00e2y d\u1ef1ng m\u1ecdi lo\u1ea1i website v\u1edbi b\u1ed9 c\u00f4ng c\u1ee5 n\u00e0y Giao di\u1ec7n chuy\u00ean nghi\u1ec7p \u0111i c\u00f9ng v\u1edbi c\u00e1c hi\u1ec7u \u1ee9ng \u0111\u1eb9p m\u1eaft, c\u00e1c module d\u1ec5 d\u00e0ng s\u1eed d\u1ee5ng, ph\u00f9 h\u1ee3p v\u1edbi nhi\u1ec1u m\u1ee5c \u0111\u00edch thi\u1ebft k\u1ebf kh\u00e1c nhau m\u00e0 kh\u00f4ng c\u1ea7n qu\u00e1 nhi\u1ec1u k\u0129 n\u0103ng v\u1ec1 code.<\/p>\n<p><strong>Jet Bundle<\/strong>\u00a0l\u00e0 m\u1ed9t g\u00f3i s\u1ea3n ph\u1ea9m ph\u00f9 h\u1ee3p, \u0111\u00e1p \u1ee9ng \u0111\u01b0\u1ee3c m\u1ecdi nhu c\u1ea7u x\u00e2y d\u1ef1ng website c\u1ee7a ng\u01b0\u1eddi d\u00f9ng.<\/p>\n<p><strong>M\u1ed9t s\u1ed1 t\u00ednh n\u0103ng n\u1ed5i b\u1eadt c\u1ee7a b\u1ed9 s\u1ea3n ph\u1ea9m g\u1ed3m c\u00f3:<\/strong><\/p>\n<ul>\n<li>First-class modules: m\u1ed7i module c\u00f3 m\u1ed9t t\u00ednh n\u0103ng v\u00e0 t\u00f9y ch\u1ec9nh kh\u00e1c nhau, cho ph\u00e9p ng\u01b0\u1eddi d\u00f9ng n\u00e2ng c\u1ea5p ch\u1ea5t l\u01b0\u1ee3ng website b\u1eb1ng c\u00e1c content c\u00f3 hi\u1ec7u \u1ee9ng \u0111\u1ed9c \u0111\u00e1o, background \u0111\u1eb9p m\u1eaft v\u1edbi r\u1ea5t nhi\u1ec1u l\u1ef1a ch\u1ecdn kh\u00e1c nhau.<\/li>\n<li>WooCommerce integration: s\u1ea3n ph\u1ea9m c\u00f3 t\u00ednh t\u01b0\u01a1ng th\u00edch cao v\u1edbi WooCommerce, cho ph\u00e9p b\u1ea1n t\u1ea1o c\u1eeda h\u00e0ng \u0111i\u1ec7n t\u1eed \u0111\u1eb9p m\u1eaft v\u00e0 chuy\u00ean nghi\u1ec7p.<\/li>\n<li>RTL Support: S\u1ea3n ph\u1ea9m c\u00f3 h\u1ed7 tr\u1ee3 nhi\u1ec1u ng\u00f4n ng\u1eef kh\u00e1c nhau, cho ph\u00e9p b\u1ea1n t\u1ea1o c\u00e1c website giao d\u1ecbch qu\u1ed1c t\u1ebf<\/li>\n<li>Multiple homepage templates: m\u1ed9t trong nh\u1eefng t\u00ednh n\u0103ng \u01b0u vi\u1ec7t nh\u1ea5t c\u1ee7a s\u1ea3n ph\u1ea9m l\u00e0 b\u1ed9 template \u0111\u1eb9p m\u1eaft, c\u00f3 th\u1ec3 d\u1ec5 d\u00e0ng t\u00f9y ch\u1ec9nh v\u00e0 t\u1ed1i \u01b0u theo m\u1ee5c \u0111\u00edch s\u1eed d\u1ee5ng kh\u00e1c nhau.<\/li>\n<li>Brands Module: h\u1ed7 tr\u1ee3 t\u1ea1o v\u00e0 hi\u1ec3n th\u1ecb nh\u00e3n hi\u1ec7u c\u1ee7a website chuy\u00ean nghi\u1ec7p, \u0111\u1eb9p m\u1eaft v\u00e0 c\u00f3 b\u1ed1 c\u1ee5c h\u1ee3p l\u00fd tr\u00ean t\u1ed5ng th\u1ec3 website.<\/li>\n<\/ul>\n","protected":false},"excerpt":{"rendered":"<p>JetMenu\u00a0l\u00e0 m\u1ed9t trong nh\u1eefng Menu plugin t\u1ed1t nh\u1ea5t hi\u1ec7n nay. N\u00f3 cho ph\u00e9p b\u1ea1n t\u1ea1o ra m\u1ed9t Mega Menu \u0111\u1ea7y \u0111\u1ee7 \u0111\u00e1p \u1ee9ng v\u1edbi c\u00e1c m\u1ee5c th\u1ea3 xu\u1ed1ng, \u0111\u1ea7y \u0111\u1ee7 c\u00e1c module n\u1ed9i dung, t\u1ea5t c\u1ea3 c\u00e1c qu\u00e1 tr\u00ecnh r\u00f5 r\u00e0ng v\u00e0 d\u1ec5 d\u00e0ng. JetParallax\u00a0l\u00e0 m\u1ed9t addon cho\u00a0Elementor\u00a0page builder cho ph\u00e9p \u00e1p d\u1ee5ng hi\u1ec7u \u1ee9ng &#8230;<\/p>\n","protected":false},"featured_media":908,"comment_status":"open","ping_status":"closed","template":"","meta":[],"product_cat":[19,16],"product_tag":[],"_links":{"self":[{"href":"https:\/\/sieuthi.mauwebwp.com\/sieuthi010\/wp-json\/wp\/v2\/product\/490"}],"collection":[{"href":"https:\/\/sieuthi.mauwebwp.com\/sieuthi010\/wp-json\/wp\/v2\/product"}],"about":[{"href":"https:\/\/sieuthi.mauwebwp.com\/sieuthi010\/wp-json\/wp\/v2\/types\/product"}],"replies":[{"embeddable":true,"href":"https:\/\/sieuthi.mauwebwp.com\/sieuthi010\/wp-json\/wp\/v2\/comments?post=490"}],"wp:featuredmedia":[{"embeddable":true,"href":"https:\/\/sieuthi.mauwebwp.com\/sieuthi010\/wp-json\/wp\/v2\/media\/908"}],"wp:attachment":[{"href":"https:\/\/sieuthi.mauwebwp.com\/sieuthi010\/wp-json\/wp\/v2\/media?parent=490"}],"wp:term":[{"taxonomy":"product_cat","embeddable":true,"href":"https:\/\/sieuthi.mauwebwp.com\/sieuthi010\/wp-json\/wp\/v2\/product_cat?post=490"},{"taxonomy":"product_tag","embeddable":true,"href":"https:\/\/sieuthi.mauwebwp.com\/sieuthi010\/wp-json\/wp\/v2\/product_tag?post=490"}],"curies":[{"name":"wp","href":"https:\/\/api.w.org\/{rel}","templated":true}]}}