{"id":213,"date":"2019-11-15T09:59:06","date_gmt":"2019-11-15T02:59:06","guid":{"rendered":"http:\/\/localhost\/w1\/?post_type=product&#038;p=213"},"modified":"2019-12-07T01:22:24","modified_gmt":"2019-12-06T18:22:24","slug":"yoast-local-seo-premium","status":"publish","type":"product","link":"https:\/\/sieuthi.mauwebwp.com\/sieuthi010\/san-pham\/yoast-local-seo-premium\/","title":{"rendered":"Yoast Local SEO Premium b\u1ea3n quy\u1ec1n"},"content":{"rendered":"<ul>\n<li>Th\u00eam Google Map<\/li>\n<li>Th\u00eam \u0111\u1ecba ch\u1ec9 c\u1ee7a c\u00f4ng ty b\u1ea1n<\/li>\n<li>Th\u00eam gi\u1edd m\u1edf c\u1eeda<\/li>\n<li>Th\u00eam v\u1ecb tr\u00ed chi nh\u00e1nh, c\u1eeda h\u00e0ng<\/li>\n<li>Gi\u00fap t\u00ecm ki\u1ebfm c\u1eeda h\u00e0ng g\u1ea7n nh\u1ea5t theo v\u1ecb tr\u00ed hi\u1ec7n t\u1ea1i<\/li>\n<li>H\u1ed7 tr\u1ee3 t\u1ea3i l\u00ean danh s\u00e1ch c\u1eeda h\u00e0ng d\u01b0\u1edbi d\u1ea1ng CSV<\/li>\n<li>H\u1ed7 tr\u1ee3 d\u1eabn \u0111\u01b0\u1eddng<\/li>\n<\/ul>\n","protected":false},"excerpt":{"rendered":"<p>Th\u00eam Google Map Th\u00eam \u0111\u1ecba ch\u1ec9 c\u1ee7a c\u00f4ng ty b\u1ea1n Th\u00eam gi\u1edd m\u1edf c\u1eeda Th\u00eam v\u1ecb tr\u00ed chi nh\u00e1nh, c\u1eeda h\u00e0ng Gi\u00fap t\u00ecm ki\u1ebfm c\u1eeda h\u00e0ng g\u1ea7n nh\u1ea5t theo v\u1ecb tr\u00ed hi\u1ec7n t\u1ea1i H\u1ed7 tr\u1ee3 t\u1ea3i l\u00ean danh s\u00e1ch c\u1eeda h\u00e0ng d\u01b0\u1edbi d\u1ea1ng CSV H\u1ed7 tr\u1ee3 d\u1eabn \u0111\u01b0\u1eddng<\/p>\n","protected":false},"featured_media":907,"comment_status":"open","ping_status":"closed","template":"","meta":[],"product_cat":[16],"product_tag":[],"_links":{"self":[{"href":"https:\/\/sieuthi.mauwebwp.com\/sieuthi010\/wp-json\/wp\/v2\/product\/213"}],"collection":[{"href":"https:\/\/sieuthi.mauwebwp.com\/sieuthi010\/wp-json\/wp\/v2\/product"}],"about":[{"href":"https:\/\/sieuthi.mauwebwp.com\/sieuthi010\/wp-json\/wp\/v2\/types\/product"}],"replies":[{"embeddable":true,"href":"https:\/\/sieuthi.mauwebwp.com\/sieuthi010\/wp-json\/wp\/v2\/comments?post=213"}],"wp:featuredmedia":[{"embeddable":true,"href":"https:\/\/sieuthi.mauwebwp.com\/sieuthi010\/wp-json\/wp\/v2\/media\/907"}],"wp:attachment":[{"href":"https:\/\/sieuthi.mauwebwp.com\/sieuthi010\/wp-json\/wp\/v2\/media?parent=213"}],"wp:term":[{"taxonomy":"product_cat","embeddable":true,"href":"https:\/\/sieuthi.mauwebwp.com\/sieuthi010\/wp-json\/wp\/v2\/product_cat?post=213"},{"taxonomy":"product_tag","embeddable":true,"href":"https:\/\/sieuthi.mauwebwp.com\/sieuthi010\/wp-json\/wp\/v2\/product_tag?post=213"}],"curies":[{"name":"wp","href":"https:\/\/api.w.org\/{rel}","templated":true}]}}