{"id":197,"date":"2019-11-15T09:48:51","date_gmt":"2019-11-15T02:48:51","guid":{"rendered":"http:\/\/localhost\/w1\/?post_type=product&#038;p=197"},"modified":"2019-12-06T11:37:19","modified_gmt":"2019-12-06T04:37:19","slug":"plugin-ban-chay-yoast-seo-premium","status":"publish","type":"product","link":"https:\/\/sieuthi.mauwebwp.com\/sieuthi010\/san-pham\/plugin-ban-chay-yoast-seo-premium\/","title":{"rendered":"Plugin b\u00e1n ch\u1ea1y: Yoast SEO Premium"},"content":{"rendered":"<p>\u0110\u00e2y l\u00e0 b\u1ea3n Premium c\u1ee7a c\u00f4ng c\u1ee5 t\u1ed1i \u01b0u SEO On Page ph\u1ed5 bi\u1ebfn nh\u1ea5t hi\u1ec7n nay\u00a0Yoast SEO.<\/p>\n<p>Hi\u1ec7n c\u00f3\u00a0<strong>5.000.000<\/strong>\u00a0t\u1ea3i v\u00e0 k\u00edch ho\u1ea1t, c\u00f3 th\u1ec3 n\u00f3i l\u00e0 m\u1ed9t SEO plugin \u0111\u01b0\u1ee3c y\u00eau th\u00edch nh\u1ea5t hi\u1ec7n nay.<\/p>\n<p>V\u1edbi phi\u00ean b\u1ea3n n\u00e0y b\u1ea1n s\u1ebd \u0111\u01b0\u1ee3c b\u1ed5 sung th\u00eam c\u00e1c t\u00edch nh\u01b0:<\/p>\n<ul>\n<li><strong>Redirect manager<\/strong>\u00a0\u2013 Qu\u1ea3n l\u00fd v\u00e0 t\u1ef1 \u0111\u1ed9ng chuy\u1ec3n h\u01b0\u1edbng URL khi c\u00f3 thay \u0111\u1ed5i<\/li>\n<li><strong>Synonyms &amp; related keyphrases\u00a0<\/strong>\u2013 T\u1ed1i \u01b0u \u0111\u01b0\u1ee3c nhi\u1ec1u t\u1eeb kh\u00f3a li\u00ean quan v\u00e0 t\u1eeb kh\u00f3a \u0111\u1ed3ng ngh\u0129a c\u00f9ng l\u00fac.<\/li>\n<li><strong>Social previews\u00a0<\/strong>\u2013 Xem tr\u01b0\u1edbc m\u00e0n h\u00ecnh hi\u1ec3n th\u1ecb khi chia s\u1ebb tr\u00ean c\u00e1c m\u1ea1ng x\u00e3 h\u1ed9i.<\/li>\n<li>\u2026..<\/li>\n<li>Chi ti\u1ebft\u00a0t\u1ea1i \u0111\u00e2y<\/li>\n<\/ul>\n<p><a class=\"photolightbox\" title=\"Plugin b\u00e1n ch\u1ea1y: Yoast SEO Premium\" href=\"http:\/\/localhost\/w1\/wp-content\/uploads\/2019\/11\/plugin-ban-chay-yoast-seo-premium-197-3770.png\"><img class=\"aligncenter\" src=\"http:\/\/localhost\/w1\/wp-content\/uploads\/2019\/11\/plugin-ban-chay-yoast-seo-premium-197-3770.png\" alt=\"Plugin b\u00e1n ch\u1ea1y: Yoast SEO Premium\" \/><\/a><\/p>\n<p>C\u00f4ng c\u1ee5 t\u1ed1i \u01b0u SEO t\u1ed1t nh\u1ea5t hi\u1ec7n nay d\u00e0nh cho WordPress.<\/p>\n<ul>\n<li>T\u0103ng l\u01b0\u1ee3ng truy c\u1eadp t\u1eeb Google v\u00e0 Bing.<\/li>\n<li>Thu h\u00fat ng\u01b0\u1eddi d\u00f9ng t\u1eeb c\u00e1c m\u1ea1ng x\u00e3 h\u1ed9i.<\/li>\n<li>T\u0103ng s\u1ef1 trao \u0111\u1ed5i th\u00f4ng tin v\u1edbi ng\u01b0\u1eddi \u0111\u1ecdc.<\/li>\n<\/ul>\n<p>V\u1edbi c\u00f4ng c\u1ee5 n\u00e0y, b\u1ea1n s\u1ebd kh\u00f4ng ph\u1ea3i t\u1ed1n chi ph\u00ed \u0111\u1ec3 thu\u00ea ho\u1eb7c \u0111\u1ec3 tr\u1edf th\u00e0nh m\u1ed9t chuy\u00ean gia trong l\u0129nh v\u1ef1c SEO.<\/p>\n","protected":false},"excerpt":{"rendered":"<p>\u0110\u00e2y l\u00e0 b\u1ea3n Premium c\u1ee7a c\u00f4ng c\u1ee5 t\u1ed1i \u01b0u SEO On Page ph\u1ed5 bi\u1ebfn nh\u1ea5t hi\u1ec7n nay\u00a0Yoast SEO. Hi\u1ec7n c\u00f3\u00a05.000.000\u00a0t\u1ea3i v\u00e0 k\u00edch ho\u1ea1t, c\u00f3 th\u1ec3 n\u00f3i l\u00e0 m\u1ed9t SEO plugin \u0111\u01b0\u1ee3c y\u00eau th\u00edch nh\u1ea5t hi\u1ec7n nay. V\u1edbi phi\u00ean b\u1ea3n n\u00e0y b\u1ea1n s\u1ebd \u0111\u01b0\u1ee3c b\u1ed5 sung th\u00eam c\u00e1c t\u00edch nh\u01b0: Redirect manager\u00a0\u2013 Qu\u1ea3n l\u00fd v\u00e0 t\u1ef1 &#8230;<\/p>\n","protected":false},"featured_media":905,"comment_status":"open","ping_status":"closed","template":"","meta":[],"product_cat":[16],"product_tag":[],"_links":{"self":[{"href":"https:\/\/sieuthi.mauwebwp.com\/sieuthi010\/wp-json\/wp\/v2\/product\/197"}],"collection":[{"href":"https:\/\/sieuthi.mauwebwp.com\/sieuthi010\/wp-json\/wp\/v2\/product"}],"about":[{"href":"https:\/\/sieuthi.mauwebwp.com\/sieuthi010\/wp-json\/wp\/v2\/types\/product"}],"replies":[{"embeddable":true,"href":"https:\/\/sieuthi.mauwebwp.com\/sieuthi010\/wp-json\/wp\/v2\/comments?post=197"}],"wp:featuredmedia":[{"embeddable":true,"href":"https:\/\/sieuthi.mauwebwp.com\/sieuthi010\/wp-json\/wp\/v2\/media\/905"}],"wp:attachment":[{"href":"https:\/\/sieuthi.mauwebwp.com\/sieuthi010\/wp-json\/wp\/v2\/media?parent=197"}],"wp:term":[{"taxonomy":"product_cat","embeddable":true,"href":"https:\/\/sieuthi.mauwebwp.com\/sieuthi010\/wp-json\/wp\/v2\/product_cat?post=197"},{"taxonomy":"product_tag","embeddable":true,"href":"https:\/\/sieuthi.mauwebwp.com\/sieuthi010\/wp-json\/wp\/v2\/product_tag?post=197"}],"curies":[{"name":"wp","href":"https:\/\/api.w.org\/{rel}","templated":true}]}}